{"id":2843,"date":"2025-07-01T11:23:02","date_gmt":"2025-07-01T09:23:02","guid":{"rendered":"http:\/\/moniteur.ovh\/?page_id=2843"},"modified":"2025-07-01T15:10:03","modified_gmt":"2025-07-01T13:10:03","slug":"conseil-municipal-du-30-juin-2025","status":"publish","type":"page","link":"https:\/\/moniteur.ovh\/index.php\/conseil-municipal-du-30-juin-2025\/","title":{"rendered":"Conseil municipal du 30 juin 2025"},"content":{"rendered":"\n<p>Enregistrement vid\u00e9o de la totalit\u00e9 du conseil<\/p>\n\n\n\n<figure class=\"wp-block-embed is-type-video is-provider-youtube wp-block-embed-youtube wp-embed-aspect-16-9 wp-has-aspect-ratio\"><div class=\"wp-block-embed__wrapper\">\n<iframe title=\"Conseil Municipal du 30 Juin 2025\" width=\"752\" height=\"423\" src=\"https:\/\/www.youtube.com\/embed\/17_nHFaMmlY?feature=oembed\" frameborder=\"0\" allow=\"accelerometer; autoplay; clipboard-write; encrypted-media; gyroscope; picture-in-picture; web-share\" referrerpolicy=\"strict-origin-when-cross-origin\" allowfullscreen><\/iframe>\n<\/div><\/figure>\n\n\n\n<p>Sur l&rsquo;enregistrement vid\u00e9o de 16m18s \u00e0 17m12s, les conseillers municipaux d&rsquo;opposition pr\u00e9sents au conseil quittent le conseil pour les points 1 \u00e0 4. Suspension de s\u00e9ance de 19m44s \u00e0 32m30s. L&rsquo;absence de quorum (17 pr\u00e9sents obligatoirement) oblige \u00e0 ajourner les quatre premiers points qui portaient sur le CFU (compte financier unique de la commune et du port).<\/p>\n\n\n\n<p>Enregistrement audio de la totalit\u00e9 du conseil<\/p>\n\n\n\n<figure class=\"wp-block-audio\"><audio controls src=\"http:\/\/moniteur.ovh\/wp-content\/uploads\/2025\/06\/20250630.MP3\"><\/audio><\/figure>\n\n\n\n<p>Sur l&rsquo;enregistrement audio : interruption de s\u00e9ance de 17m12s \u00e0 32m35s. Les conseillers municipaux d&rsquo;opposition pr\u00e9sents au conseil quittent le conseil pour les points 1 \u00e0 4. L&rsquo;absence de quorum (17 pr\u00e9sents obligatoirement) oblige \u00e0 ajourner les quatre premiers points qui portaient sur le CFU (compte financier unique de la commune et du port).<\/p>\n\n\n\n<p><strong>Point 5 : Approbation CRAC Font de Mauguio.<\/strong> Daniel Bourguet fait remarquer qu&rsquo;il est un opposant de la Font de Mauguio depuis 2014 et m\u00eame bien avant. Le bilan de la Font est n\u00e9gatif \u00e0 tous points de vue : architectural, \u00e9cologique et social. (<span class=\"has-inline-color has-vivid-green-cyan-color\">Vid\u00e9o 47:29 \u00e0 50:58<\/span>)<\/p>\n\n\n\n<figure class=\"wp-block-audio\"><audio controls src=\"https:\/\/moniteur.ovh\/wp-content\/uploads\/2025\/07\/01-Point-5-Font-Mauguio.mp3\"><\/audio><\/figure>\n\n\n\n<p><strong>Point 6 : Demande de garantie d&#8217;emprunt de la SPL L&rsquo;Or am\u00e9nagement.<\/strong> Daniel Bourguet explique pourquoi il a vot\u00e9 contre la d\u00e9lib\u00e9ration du CM du 19 mai 2025 et pourquoi il votera \u00e0 nouveau contre cette d\u00e9lib\u00e9ration. Toutes deux portent sur une demande de garantie d&#8217;emprunt en faveur de la SPL L&rsquo;Or am\u00e9nagement pour la Font de Mauguio. Non seulement Daniel Bourguet constate un \u00e9chec des premi\u00e8res tranches de la Font mais il est aussi tr\u00e8s critique vis-\u00e0-vis de la SPL. Il rappelle l&rsquo;impossibilit\u00e9 d&rsquo;avoir des \u00e9changes efficaces et constructifs au moment de la construction du parking \u00e0 Carnon et de l&rsquo;abattage des platanes. Dans la foul\u00e9e, Marianne Pelletier revient sur l&rsquo;accusation de m\u00e9pris envers les habitants de la Font de Mauguio. Il s&rsquo;agit de ne pas confondre la satisfaction des habitants qui ont trouv\u00e9 \u00e0 se loger \u00e0 la Font avec les choix architecturaux et urbanistiques du projet. (<span class=\"has-inline-color has-vivid-green-cyan-color\">Vid\u00e9o 1h06m48s 1h10m05s<\/span>)<\/p>\n\n\n\n<figure class=\"wp-block-audio\"><audio controls src=\"https:\/\/moniteur.ovh\/wp-content\/uploads\/2025\/07\/02-Point-6-Garantie-emprunt-Font.mp3\"><\/audio><\/figure>\n\n\n\n<p><strong>Point 9 : Offre de v\u00e9los en libre-service \u00e0 Carnon.<\/strong> Marianne Pelletier demande si les espaces de stockage des v\u00e9los ont \u00e9t\u00e9 revus pour \u00e9viter certains probl\u00e8mes signal\u00e9s l&rsquo;ann\u00e9e derni\u00e8re. (<span class=\"has-inline-color has-vivid-green-cyan-color\">Vid\u00e9o 1h50m29s 1h50m40s<\/span>)<\/p>\n\n\n\n<figure class=\"wp-block-audio\"><audio controls src=\"https:\/\/moniteur.ovh\/wp-content\/uploads\/2025\/07\/03-Point-9-velos-libre-service.mp3\"><\/audio><\/figure>\n\n\n\n<p><strong>Point 16 : Reversement FPS (Forfait post-stationnement) \u00e0 l&rsquo;Agglo<\/strong>. Comme chaque ann\u00e9e, Daniel Bourguet regrette que les communes de Palavas, La Grande Motte et Mauguio Carnon (depuis la mise en place du stationnement payant) ne reversent pas \u00e0 l&rsquo;Agglo les sommes issues du FPS, c&rsquo;est-\u00e0-dire des amendes pour d\u00e9faut de paiement. Les d\u00e9penses annonc\u00e9es pour justifier ce non-versement correspondent en grande partie \u00e0 des d\u00e9penses pr\u00e9vues dans Carnon 2030 et qui ne sont pas dues \u00e0 la mise en place du stationnement payant. Une partie des sommes issues du FPS devrait \u00eatre utilis\u00e9e pour financer les mobilit\u00e9s dont l&rsquo;Agglo a la charge et notamment les transports en commun. (<span class=\"has-inline-color has-vivid-green-cyan-color\">Vid\u00e9o 2h19m42s 2h21m35s<\/span>)<\/p>\n\n\n\n<figure class=\"wp-block-audio\"><audio controls src=\"https:\/\/moniteur.ovh\/wp-content\/uploads\/2025\/07\/04-Point-16-FPS.mp3\"><\/audio><\/figure>\n\n\n\n<p><strong>Questions diverses.<\/strong> Simone Gr\u00e8s-Blazin demande la confirmation d&rsquo;une information portant sur l&rsquo;installation d&rsquo;un nouvel opticien \u00e0 Mauguio (\u00e0 la place de l&rsquo;ancien poste de police) en face de la boutique d&rsquo;un opticien d\u00e9j\u00e0 en place (Zen&rsquo;Optic). Laurent Cappelletti lui r\u00e9pond qu&rsquo;il a rencontr\u00e9 la propri\u00e9taire de Zen&rsquo;Optic et que l&rsquo;attribution est en cours. Selon lui, la concurrence va \u00eatre b\u00e9n\u00e9fique parce que les deux opticiens ne sont pas sur le m\u00eame cr\u00e9neau et parce que l&rsquo;offre (il se reprend ensuite en parlant de demande) d&rsquo;opticiens lunetiers n&rsquo;est pas satur\u00e9e \u00e0 Mauguio. Ce n&rsquo;est pas ce qui avait \u00e9t\u00e9 dit \u00e0 la propri\u00e9taire de Zen&rsquo;Optic. (<span class=\"has-inline-color has-vivid-green-cyan-color\">Vid\u00e9o 2h23m45s 2h26m14s<\/span>)<\/p>\n\n\n\n<figure class=\"wp-block-audio\"><audio controls src=\"https:\/\/moniteur.ovh\/wp-content\/uploads\/2025\/07\/05-Questions-diverses-opticien-1.mp3\"><\/audio><\/figure>\n","protected":false},"excerpt":{"rendered":"<p>Enregistrement vid\u00e9o de la totalit\u00e9 du conseil Sur l&rsquo;enregistrement vid\u00e9o de 16m18s \u00e0 17m12s, les conseillers municipaux d&rsquo;opposition pr\u00e9sents au conseil quittent le conseil pour les points 1 \u00e0 4. Suspension de s\u00e9ance de 19m44s \u00e0 32m30s. L&rsquo;absence de quorum&hellip;<\/p>\n<p class=\"more-link-p\"><a class=\"more-link\" href=\"https:\/\/moniteur.ovh\/index.php\/conseil-municipal-du-30-juin-2025\/\">Read more &rarr;<\/a><\/p>\n","protected":false},"author":2,"featured_media":0,"parent":0,"menu_order":0,"comment_status":"closed","ping_status":"closed","template":"","meta":[],"_links":{"self":[{"href":"https:\/\/moniteur.ovh\/index.php\/wp-json\/wp\/v2\/pages\/2843"}],"collection":[{"href":"https:\/\/moniteur.ovh\/index.php\/wp-json\/wp\/v2\/pages"}],"about":[{"href":"https:\/\/moniteur.ovh\/index.php\/wp-json\/wp\/v2\/types\/page"}],"author":[{"embeddable":true,"href":"https:\/\/moniteur.ovh\/index.php\/wp-json\/wp\/v2\/users\/2"}],"replies":[{"embeddable":true,"href":"https:\/\/moniteur.ovh\/index.php\/wp-json\/wp\/v2\/comments?post=2843"}],"version-history":[{"count":2,"href":"https:\/\/moniteur.ovh\/index.php\/wp-json\/wp\/v2\/pages\/2843\/revisions"}],"predecessor-version":[{"id":2855,"href":"https:\/\/moniteur.ovh\/index.php\/wp-json\/wp\/v2\/pages\/2843\/revisions\/2855"}],"wp:attachment":[{"href":"https:\/\/moniteur.ovh\/index.php\/wp-json\/wp\/v2\/media?parent=2843"}],"curies":[{"name":"wp","href":"https:\/\/api.w.org\/{rel}","templated":true}]}}