{"id":2788,"date":"2025-02-25T11:27:23","date_gmt":"2025-02-25T10:27:23","guid":{"rendered":"http:\/\/moniteur.ovh\/?page_id=2788"},"modified":"2025-02-25T11:27:23","modified_gmt":"2025-02-25T10:27:23","slug":"conseil-municipal-du-24-fevrier-2025","status":"publish","type":"page","link":"https:\/\/moniteur.ovh\/index.php\/conseil-municipal-du-24-fevrier-2025\/","title":{"rendered":"Conseil municipal du 24 f\u00e9vrier 2025"},"content":{"rendered":"\n<p>Enregistrement vid\u00e9o de la totalit\u00e9 du conseil<\/p>\n\n\n\n<figure class=\"wp-block-embed is-type-video is-provider-youtube wp-block-embed-youtube wp-embed-aspect-16-9 wp-has-aspect-ratio\"><div class=\"wp-block-embed__wrapper\">\n<iframe title=\"Conseil Municipal du 24 F\u00e9vrier 2025\" width=\"752\" height=\"423\" src=\"https:\/\/www.youtube.com\/embed\/JczAv1vlMy0?list=PLUH5iHnRcywVF3wRPq4BeqRxkFnbk_wAI\" frameborder=\"0\" allow=\"accelerometer; autoplay; clipboard-write; encrypted-media; gyroscope; picture-in-picture; web-share\" referrerpolicy=\"strict-origin-when-cross-origin\" allowfullscreen><\/iframe>\n<\/div><\/figure>\n\n\n\n<p>Enregistrement audio de la totalit\u00e9 du conseil<\/p>\n\n\n\n<figure class=\"wp-block-audio\"><audio controls src=\"http:\/\/moniteur.ovh\/wp-content\/uploads\/2025\/02\/110101-000019.MP3\"><\/audio><figcaption><span class=\"has-inline-color has-vivid-cyan-blue-color\">Enregistrement audio de la totalit\u00e9 du conseil<\/span><\/figcaption><\/figure>\n\n\n\n<p><strong>Sylvie Raynal<\/strong> remplace Bertrand Coisne qui nous a quitt\u00e9 le 14 janvier. Elle lit une d\u00e9claration. <span class=\"has-inline-color has-vivid-green-cyan-color\">Rep\u00e8res vid\u00e9o de 11m53s \u00e0 13m25S<\/span><\/p>\n\n\n\n<figure class=\"wp-block-audio\"><audio controls src=\"https:\/\/moniteur.ovh\/wp-content\/uploads\/2025\/02\/Declaration-Sylvie-Raynal.mp3\"><\/audio><figcaption><span class=\"has-inline-color has-vivid-cyan-blue-color\">D\u00e9claration de Sylvie Raynal<\/span><\/figcaption><\/figure>\n\n\n\n<p><strong>Daniel Bourguet<\/strong> revient sur les choix budg\u00e9taires \u00e0 la suite de Pierre-Martin Chazot et Gilles Parmentier. Contrairement aux deux intervenants pr\u00e9c\u00e9dents, il affirme que ce n&rsquo;est pas le montant de 9 millions d&rsquo;euros qui est \u00e0 remettre en cause. Il \u00e9tait n\u00e9cessaire de faire des investissements \u00e0 Carnon, mais les choix n&rsquo;ont pas toujours \u00e9t\u00e9 les bons. Il fait \u00e9galement remarquer qu&rsquo;il y a des investissements qui permettent de faire rentrer de l&rsquo;argent dans le budget de fonctionnement, par exemple des investissements en mati\u00e8re d&rsquo;\u00e9nergie renouvelable, or rien n&rsquo;est pr\u00e9vu dans ce domaine. Il revient sur la Font de Mauguio et rappelle que la nouvelle conseill\u00e8re municipale, Sylvie Raynal, a \u00e9t\u00e9 une opposante \u00e0 ce projet et que, gr\u00e2ce au travail de Bertrand Coisne, la mairie a d\u00fb demander des autorisations environnementales qui ont conduit \u00e0 r\u00e9server 10 hectares en compensation \u00e9cologique. Qu&rsquo;en est-il de ces 10 hectares ? On ne voit rien dans le budget. Viennent ensuite des questions plus techniques : une somme est pr\u00e9vue pour l&rsquo;\u00e9cran acoustique sur la RD189. Pourquoi faire ? R\u00e9pondre aux demandes des riverains afin que cet ouvrage correspondent mieux \u00e0 leurs attentes ? Des investissements sont aussi pr\u00e9vus pour l&rsquo;\u00e9clairage nocturne. S&rsquo;agit-il simplement de LED ? Ce serait insuffisant. \u00c9teindre la nuit c&rsquo;est une bonne chose pour la biodiversit\u00e9 mais il faut le faire intelligemment, notamment avec des capteurs. Ensuite, une question sur les sommes pr\u00e9vues pour la mise en place de bornes \u00e9lectriques gratuites qui sont normalement \u00e0 la charge des op\u00e9rateurs. Ces derniers, contact\u00e9s par Daniel Bourguet, ont affirm\u00e9 qu&rsquo;ils avaient fait des propositions \u00e0 la mairie, propositions rest\u00e9es sans r\u00e9ponse. Enfin, Daniel Bourguet fait \u00e9tat de rumeurs concernant l&rsquo;abattage de platanes \u00e0 l&rsquo;occasion de travaux pr\u00e9vus place Saint Marc (80 000 \u20ac pr\u00e9vus au budget). <strong>Marianne Pelletier<\/strong> compl\u00e8te l&rsquo;intervention de Daniel Bourguet sur deux points pr\u00e9cis. Elle demande confirmation de la date lue dans le Midi-Libre du 23\/02\/2025 o\u00f9 M. Rossignol annonce que \u00ab\u00a0les cartes de l&rsquo;\u00e9rosion et de l&rsquo;impact sur les zones habit\u00e9es et les enjeux du d\u00e9placement\u00a0\u00bb permettront d&rsquo;\u00eatre fix\u00e9 fin 2026. C&rsquo;est tr\u00e8s tard par rapport \u00e0 la n\u00e9cessit\u00e9 de mettre en \u0153uvre de fa\u00e7on efficace la politique publique <em>Lutter contre l&rsquo;\u00e9rosion du trait de c\u00f4te<\/em> mentionn\u00e9e dans le budget. Elle demande par ailleurs des pr\u00e9cisions sur une autre politique publique intitul\u00e9e <em>Organiser la d\u00e9mocratie locale<\/em>. Qu&rsquo;est-il pr\u00e9vu dans ce domaine ? <span class=\"has-inline-color has-vivid-green-cyan-color\">Rep\u00e8res vid\u00e9o de 1h04m08s \u00e0 1h11m<\/span><\/p>\n\n\n\n<figure class=\"wp-block-audio\"><audio controls src=\"https:\/\/moniteur.ovh\/wp-content\/uploads\/2025\/02\/Budget-Daniel-Marianne.mp3\"><\/audio><figcaption><span class=\"has-inline-color has-vivid-cyan-blue-color\">Point 5 : Budget primitif<\/span> <span class=\"has-inline-color has-vivid-cyan-blue-color\">de la commune<\/span><\/figcaption><\/figure>\n\n\n\n<p><strong>Marianne Pelletier<\/strong> demande des pr\u00e9cisions sur l&rsquo;organisation du port. Qui en assume la direction ? La partie administrative est confi\u00e9e aux agents de la commune sous la direction de Mme Bank. Un ing\u00e9nieur \u00e0 mi-temps et un ma\u00eetre de port sont responsables des fonctions techniques. <span class=\"has-inline-color has-vivid-green-cyan-color\">Rep\u00e8res vid\u00e9o de 1h46m \u00e0 1h48m36s<\/span><\/p>\n\n\n\n<figure class=\"wp-block-audio\"><audio controls src=\"https:\/\/moniteur.ovh\/wp-content\/uploads\/2025\/02\/Direction-du-port.mp3\"><\/audio><figcaption><span class=\"has-inline-color has-vivid-cyan-blue-color\">Point 9 : Budget primitif du port<\/span><\/figcaption><\/figure>\n","protected":false},"excerpt":{"rendered":"<p>Enregistrement vid\u00e9o de la totalit\u00e9 du conseil Enregistrement audio de la totalit\u00e9 du conseil Sylvie Raynal remplace Bertrand Coisne qui nous a quitt\u00e9 le 14 janvier. Elle lit une d\u00e9claration. Rep\u00e8res vid\u00e9o de 11m53s \u00e0 13m25S Daniel Bourguet revient sur&hellip;<\/p>\n<p class=\"more-link-p\"><a class=\"more-link\" href=\"https:\/\/moniteur.ovh\/index.php\/conseil-municipal-du-24-fevrier-2025\/\">Read more &rarr;<\/a><\/p>\n","protected":false},"author":2,"featured_media":0,"parent":0,"menu_order":0,"comment_status":"closed","ping_status":"closed","template":"","meta":[],"_links":{"self":[{"href":"https:\/\/moniteur.ovh\/index.php\/wp-json\/wp\/v2\/pages\/2788"}],"collection":[{"href":"https:\/\/moniteur.ovh\/index.php\/wp-json\/wp\/v2\/pages"}],"about":[{"href":"https:\/\/moniteur.ovh\/index.php\/wp-json\/wp\/v2\/types\/page"}],"author":[{"embeddable":true,"href":"https:\/\/moniteur.ovh\/index.php\/wp-json\/wp\/v2\/users\/2"}],"replies":[{"embeddable":true,"href":"https:\/\/moniteur.ovh\/index.php\/wp-json\/wp\/v2\/comments?post=2788"}],"version-history":[{"count":1,"href":"https:\/\/moniteur.ovh\/index.php\/wp-json\/wp\/v2\/pages\/2788\/revisions"}],"predecessor-version":[{"id":2789,"href":"https:\/\/moniteur.ovh\/index.php\/wp-json\/wp\/v2\/pages\/2788\/revisions\/2789"}],"wp:attachment":[{"href":"https:\/\/moniteur.ovh\/index.php\/wp-json\/wp\/v2\/media?parent=2788"}],"curies":[{"name":"wp","href":"https:\/\/api.w.org\/{rel}","templated":true}]}}