{"id":1722,"date":"2022-04-12T19:35:37","date_gmt":"2022-04-12T17:35:37","guid":{"rendered":"http:\/\/moniteur.ovh\/?page_id=1722"},"modified":"2022-04-12T19:35:37","modified_gmt":"2022-04-12T17:35:37","slug":"conseil-municipal-du-11-avril-2022","status":"publish","type":"page","link":"https:\/\/moniteur.ovh\/index.php\/conseil-municipal-du-11-avril-2022\/","title":{"rendered":"Conseil municipal du 11 avril 2022"},"content":{"rendered":"\n<p>Vous trouverez ci-dessous l&rsquo;enregistrement audio de l&rsquo;int\u00e9gralit\u00e9 du conseil municipal. Comme d&rsquo;habitude suivront des extraits vous permettant d&rsquo;entendre les interventions de nos \u00e9lus.<\/p>\n\n\n\n<p>Vous pouvez \u00e9galement visionner la vid\u00e9o du conseil, disponible sur le site de la mairie, mais \u00e9galement ci-dessous. Les points sur lesquels nous sommes intervenus sont rep\u00e9r\u00e9es en vert \u00e0 la fin de chaque extrait audio.<\/p>\n\n\n\n<figure class=\"wp-block-audio\"><audio controls src=\"http:\/\/moniteur.ovh\/wp-content\/uploads\/2022\/04\/220411-184144.MP3\"><\/audio><figcaption><span class=\"has-inline-color has-vivid-cyan-blue-color\">Enregistrement audio de l&rsquo;int\u00e9gralit\u00e9 du conseil<\/span><\/figcaption><\/figure>\n\n\n\n<p><\/p>\n\n\n\n<figure class=\"wp-block-embed is-type-video is-provider-youtube wp-block-embed-youtube wp-embed-aspect-16-9 wp-has-aspect-ratio\"><div class=\"wp-block-embed__wrapper\">\n<iframe title=\"Conseil Municipal du 11 Avril 2022\" width=\"752\" height=\"423\" src=\"https:\/\/www.youtube.com\/embed\/tPMkdpKt3ec?feature=oembed\" frameborder=\"0\" allow=\"accelerometer; autoplay; clipboard-write; encrypted-media; gyroscope; picture-in-picture\" allowfullscreen><\/iframe>\n<\/div><figcaption><span class=\"has-inline-color has-vivid-green-cyan-color\">Enregistrement vid\u00e9o<\/span><\/figcaption><\/figure>\n\n\n\n<p>Les extraits que vous trouverez ci-dessous portent sur les points suivants : Nouveaux b\u00e9n\u00e9ficiaires des emplacements de camion de restauration \/ Transports scolaires \/ R\u00e8glement int\u00e9rieur du conseil municipal \/ Garantie d&#8217;emprunts pour le logement social \/ ZAD Pointe de Mudaison \/ Barreau de Vaugui\u00e8res \/ Navettes Carnon ouest et est \/ Arrosage des jeunes arbres.<\/p>\n\n\n\n<p><\/p>\n\n\n\n<figure class=\"wp-block-audio\"><audio controls src=\"https:\/\/moniteur.ovh\/wp-content\/uploads\/2022\/04\/01-Point-1-camions-restauration.mp3\"><\/audio><figcaption><strong>Point 1 : nouveaux b\u00e9n\u00e9ficiaires des emplacements de camions de restauration.<\/strong> Pascale Guidault fait part des difficult\u00e9s rencontr\u00e9es par les artisans de Mauguio et de Carnon \u00e0 la suite de la mise en place de nouvelles conventions d&rsquo;occupation du domaine public. <span class=\"has-inline-color has-vivid-green-cyan-color\">00:10:25<\/span><\/figcaption><\/figure>\n\n\n\n<figure class=\"wp-block-audio\"><audio controls src=\"https:\/\/moniteur.ovh\/wp-content\/uploads\/2022\/04\/02-Point-1-transport-scolaire.mp3\"><\/audio><figcaption><strong>Point 1 : accord-cadre pour le transport en commun d&rsquo;enfants par autocar.<\/strong> Marianne Pelletier demande des pr\u00e9cisions sur l&rsquo;utilisation des autocars de l&rsquo;Agglom\u00e9ration. <code><span class=\"has-inline-color has-vivid-green-cyan-color\">00:29:12<\/span><\/code><\/figcaption><\/figure>\n\n\n\n<figure class=\"wp-block-audio\"><audio controls src=\"https:\/\/moniteur.ovh\/wp-content\/uploads\/2022\/04\/03-Point-2-reglement-interieur.mp3\"><\/audio><figcaption><strong>Point 2 : modification du r\u00e8glement int\u00e9rieur. <\/strong>Bertrand Coisne pr\u00e9sente les amendements d\u00e9pos\u00e9s par l&rsquo;Alternative citoyenne. Toutes les demandes pr\u00e9sent\u00e9es par les trois listes d&rsquo;opposition ont \u00e9t\u00e9 rejet\u00e9es.<span class=\"has-inline-color has-vivid-green-cyan-color\"> 00:31:40<\/span><\/figcaption><\/figure>\n\n\n\n<figure class=\"wp-block-audio\"><audio controls src=\"https:\/\/moniteur.ovh\/wp-content\/uploads\/2022\/04\/04-Point-6-garantie-demprunts.mp3\"><\/audio><figcaption><strong>Point 6 : garantie d&#8217;emprunts sur logement social.<\/strong> Bertrand Coisne demande pourquoi certaines op\u00e9rations sont garanties par la commune alors que d&rsquo;autres sont garanties par l&rsquo;Agglom\u00e9ration. <span class=\"has-inline-color has-vivid-green-cyan-color\">01:15:06<\/span><\/figcaption><\/figure>\n\n\n\n<figure class=\"wp-block-audio\"><audio controls src=\"https:\/\/moniteur.ovh\/wp-content\/uploads\/2022\/04\/05-Point-11-ZAD-Pointe-Mudaison.mp3\"><\/audio><figcaption><strong>Point 11 : ZAD de la \u00ab\u00a0Pointe de Mudaison\u00a0\u00bb<\/strong>. Daniel Bourguet insiste sur la n\u00e9cessit\u00e9 de pr\u00e9server des terres agricoles. Il fait le lien avec le barreau routier de Vaugui\u00e8res qui va d\u00e9couper des parcelles agricoles. <span class=\"has-inline-color has-vivid-green-cyan-color\">01:30:04<\/span><\/figcaption><\/figure>\n\n\n\n<figure class=\"wp-block-audio\"><audio controls src=\"https:\/\/moniteur.ovh\/wp-content\/uploads\/2022\/04\/06-Point-12-barreau-routier-Vauguieres.mp3\"><\/audio><figcaption><strong>Point 12 : barreau routier dit \u00ab\u00a0de Vaugui\u00e8res\u00a0\u00bb<\/strong>. Daniel Bourguet pr\u00e9cise que la part de financement initialement \u00e0 la charge de l&rsquo;a\u00e9roport est report\u00e9e sur l\u2019\u00c9tat, la R\u00e9gion et l&rsquo;Agglom\u00e9ration. <span class=\"has-inline-color has-vivid-green-cyan-color\">01:37:28<\/span><\/figcaption><\/figure>\n\n\n\n<figure class=\"wp-block-audio\"><audio controls src=\"https:\/\/moniteur.ovh\/wp-content\/uploads\/2022\/04\/07-Point-13-navettes-Carnon-ouest-est.mp3\"><\/audio><figcaption><strong>Point 13 : emplois saisonniers<\/strong>. Marianne Pelletier profite de ce point pour demander que les horaires des navettes Carnon ouest\/est tiennent compte de ceux du cin\u00e9ma de plein air du Jardin du Bosquet. <span class=\"has-inline-color has-vivid-green-cyan-color\">01:42:50<\/span><\/figcaption><\/figure>\n\n\n\n<figure class=\"wp-block-audio\"><audio controls src=\"https:\/\/moniteur.ovh\/wp-content\/uploads\/2022\/04\/08-Point-18-Arbres.mp3\"><\/audio><figcaption><strong>Point 16 : op\u00e9ration \u00ab\u00a08000 arbres par an pour l&rsquo;H\u00e9rault\u00a0\u00bb<\/strong>. Pascale Guidault fait remarquer que les arbres nouvellement plant\u00e9s ont besoin d&rsquo;\u00eatre arros\u00e9s r\u00e9guli\u00e8rement et suffisamment. <span class=\"has-inline-color has-vivid-green-cyan-color\">01:49:25<\/span><\/figcaption><\/figure>\n","protected":false},"excerpt":{"rendered":"<p>Vous trouverez ci-dessous l&rsquo;enregistrement audio de l&rsquo;int\u00e9gralit\u00e9 du conseil municipal. Comme d&rsquo;habitude suivront des extraits vous permettant d&rsquo;entendre les interventions de nos \u00e9lus. Vous pouvez \u00e9galement visionner la vid\u00e9o du conseil, disponible sur le site de la mairie, mais \u00e9galement&hellip;<\/p>\n<p class=\"more-link-p\"><a class=\"more-link\" href=\"https:\/\/moniteur.ovh\/index.php\/conseil-municipal-du-11-avril-2022\/\">Read more &rarr;<\/a><\/p>\n","protected":false},"author":2,"featured_media":0,"parent":0,"menu_order":0,"comment_status":"closed","ping_status":"closed","template":"","meta":[],"_links":{"self":[{"href":"https:\/\/moniteur.ovh\/index.php\/wp-json\/wp\/v2\/pages\/1722"}],"collection":[{"href":"https:\/\/moniteur.ovh\/index.php\/wp-json\/wp\/v2\/pages"}],"about":[{"href":"https:\/\/moniteur.ovh\/index.php\/wp-json\/wp\/v2\/types\/page"}],"author":[{"embeddable":true,"href":"https:\/\/moniteur.ovh\/index.php\/wp-json\/wp\/v2\/users\/2"}],"replies":[{"embeddable":true,"href":"https:\/\/moniteur.ovh\/index.php\/wp-json\/wp\/v2\/comments?post=1722"}],"version-history":[{"count":2,"href":"https:\/\/moniteur.ovh\/index.php\/wp-json\/wp\/v2\/pages\/1722\/revisions"}],"predecessor-version":[{"id":1724,"href":"https:\/\/moniteur.ovh\/index.php\/wp-json\/wp\/v2\/pages\/1722\/revisions\/1724"}],"wp:attachment":[{"href":"https:\/\/moniteur.ovh\/index.php\/wp-json\/wp\/v2\/media?parent=1722"}],"curies":[{"name":"wp","href":"https:\/\/api.w.org\/{rel}","templated":true}]}}