{"id":1178,"date":"2021-03-05T13:43:00","date_gmt":"2021-03-05T12:43:00","guid":{"rendered":"http:\/\/moniteur.ovh\/?page_id=1178"},"modified":"2021-03-05T13:43:00","modified_gmt":"2021-03-05T12:43:00","slug":"conseil-municipal-du-2-aout-2016","status":"publish","type":"page","link":"https:\/\/moniteur.ovh\/index.php\/conseil-municipal-du-2-aout-2016\/","title":{"rendered":"Conseil municipal du 2 ao\u00fbt 2016"},"content":{"rendered":"\n<div class=\"wp-block-image\"><figure class=\"alignleft\"><a href=\"http:\/\/lafabriquecitoyennedupaysdelor.com\/wp-content\/uploads\/2016\/08\/2016-08-01-18.05.17.jpg\"><img src=\"http:\/\/lafabriquecitoyennedupaysdelor.com\/wp-content\/uploads\/2016\/08\/2016-08-01-18.05.17-1024x768.jpg\" alt=\"2016-08-01 18.05.17\" class=\"wp-image-5057\"\/><\/a><\/figure><\/div>\n\n\n\n<p>Une nouvelle fois, la Font de Mauguio a occup\u00e9 une partie des d\u00e9bats du conseil municipal. Il s\u2019agissait de voter un nouvel emprunt d&rsquo;un montant de 2 millions d&rsquo;euros. A cette occasion, Daniel Bourguet, conseiller municipal, a interpell\u00e9 le Maire sur la communication de l\u2019avis que la Dreal* aurait d\u00fb donner pr\u00e9alablement au lancement de la ZAC de la Font de Mauguio en 2011. Daniel Bourguet a rappel\u00e9 au Maire qu\u2019il lui avait demand\u00e9 communication de cet avis par courrier, sans r\u00e9ponse de sa part. La Dreal, elle, a r\u00e9pondu n\u2019avoir aucune trace d\u2019un tel avis concernant ce projet. Toutefois, le Maire s\u2019est engag\u00e9 \u00e0 fournir ce document lors du prochain conseil municipal. Car pour lui aucun doute ce document existe bien : <em>\u00ab comment voulez-vous que l\u2019Etat accorde la cr\u00e9ation d\u2019une ZAC si les documents que l\u2019Etat demande n\u2019ont pas \u00e9t\u00e9 fournis ? Je n\u2019imagine pas que cela soit possible \u00bb, <\/em>s\u2019est-il exclam\u00e9 lors du conseil municipal<em>.<\/em><\/p>\n\n\n\n<p>C\u2019est donc la parole du Maire contre celle de la Dreal. Dreal qui dans un courrier adress\u00e9 \u00e0 elle a r\u00e9pondu ceci : <em>\u00ab <\/em><em>Par courrier dat\u00e9 du 31 mai dernier vous avez fait part de votre impossibilit\u00e9 de trouver l&rsquo;avis que l&rsquo;autorit\u00e9 environnementale (Ae) aurait \u00e9mis sur le projet mentionn\u00e9 en objet. Je n&rsquo;ai effectivement pas trouv\u00e9 trace de ce projet dans nos archives. \u00bb.<\/em><\/p>\n\n\n\n<p>Qui dit vrai ?<\/p>\n\n\n\n<h5>* DREAL : Direction r\u00e9gionale de l&rsquo;environnement, de l&rsquo;am\u00e9nagement et du logement<\/h5>\n\n\n\n<p>Vous pouvez-suivre les \u00e9changes sur ce sujet dans l\u2019enregistrement ci-dessous.<\/p>\n\n\n\n<figure class=\"wp-block-audio\"><audio controls src=\"http:\/\/lafabriquecitoyennedupaysdelor.com\/wp-content\/uploads\/2016\/08\/Font-de-Mauguio-et-Dreal.mp3\"><\/audio><\/figure>\n\n\n\n<p>Ci-apr\u00e8s, compte rendu du conseil municipal du 1er ao\u00fbt 2016 r\u00e9dig\u00e9 par la mairie. Ce compte rendu ne mentionne aucun des \u00e9changes qui ont eu lieu entre les \u00e9lus.<\/p>\n\n\n\n<p><a href=\"http:\/\/lafabriquecitoyennedupaysdelor.com\/wp-content\/uploads\/2016\/08\/Compte-rendu-du-1-ao\u00fbt-2016.pdf\">Compte-rendu du 1 ao\u00fbt 2016<\/a><\/p>\n\n\n\n<p>Vous pouvez acc\u00e9der ci-dessous \u00e0 l&rsquo;enregistrement int\u00e9gral du conseil municipal.<\/p>\n\n\n\n<figure class=\"wp-block-audio\"><audio controls src=\"http:\/\/lafabriquecitoyennedupaysdelor.com\/wp-content\/uploads\/2016\/08\/Conseil municipal 1 ao\u00fbt 2016 ok.mp3\"><\/audio><\/figure>\n","protected":false},"excerpt":{"rendered":"<p>Une nouvelle fois, la Font de Mauguio a occup\u00e9 une partie des d\u00e9bats du conseil municipal. Il s\u2019agissait de voter un nouvel emprunt d&rsquo;un montant de 2 millions d&rsquo;euros. A cette occasion, Daniel Bourguet, conseiller municipal, a interpell\u00e9 le Maire&hellip;<\/p>\n<p class=\"more-link-p\"><a class=\"more-link\" href=\"https:\/\/moniteur.ovh\/index.php\/conseil-municipal-du-2-aout-2016\/\">Read more &rarr;<\/a><\/p>\n","protected":false},"author":1,"featured_media":0,"parent":0,"menu_order":0,"comment_status":"closed","ping_status":"closed","template":"","meta":[],"_links":{"self":[{"href":"https:\/\/moniteur.ovh\/index.php\/wp-json\/wp\/v2\/pages\/1178"}],"collection":[{"href":"https:\/\/moniteur.ovh\/index.php\/wp-json\/wp\/v2\/pages"}],"about":[{"href":"https:\/\/moniteur.ovh\/index.php\/wp-json\/wp\/v2\/types\/page"}],"author":[{"embeddable":true,"href":"https:\/\/moniteur.ovh\/index.php\/wp-json\/wp\/v2\/users\/1"}],"replies":[{"embeddable":true,"href":"https:\/\/moniteur.ovh\/index.php\/wp-json\/wp\/v2\/comments?post=1178"}],"version-history":[{"count":1,"href":"https:\/\/moniteur.ovh\/index.php\/wp-json\/wp\/v2\/pages\/1178\/revisions"}],"predecessor-version":[{"id":1179,"href":"https:\/\/moniteur.ovh\/index.php\/wp-json\/wp\/v2\/pages\/1178\/revisions\/1179"}],"wp:attachment":[{"href":"https:\/\/moniteur.ovh\/index.php\/wp-json\/wp\/v2\/media?parent=1178"}],"curies":[{"name":"wp","href":"https:\/\/api.w.org\/{rel}","templated":true}]}}