{"id":1158,"date":"2021-03-04T18:30:24","date_gmt":"2021-03-04T17:30:24","guid":{"rendered":"http:\/\/moniteur.ovh\/?page_id=1158"},"modified":"2026-02-17T08:35:45","modified_gmt":"2026-02-17T07:35:45","slug":"conseil-municipal-du-14-decembre-2020-2","status":"publish","type":"page","link":"https:\/\/moniteur.ovh\/index.php\/conseil-municipal-du-14-decembre-2020-2\/","title":{"rendered":"Conseil municipal du 14 d\u00e9cembre 2020"},"content":{"rendered":"\n<figure class=\"wp-block-image is-resized\"><img loading=\"lazy\" src=\"http:\/\/moniteur.ovh\/wp-content\/uploads\/2020\/12\/Conseil-ok.jpg\" alt=\"\" class=\"wp-image-824\" width=\"578\" height=\"341\" srcset=\"https:\/\/moniteur.ovh\/wp-content\/uploads\/2020\/12\/Conseil-ok.jpg 3018w, https:\/\/moniteur.ovh\/wp-content\/uploads\/2020\/12\/Conseil-ok-300x177.jpg 300w, https:\/\/moniteur.ovh\/wp-content\/uploads\/2020\/12\/Conseil-ok-768x453.jpg 768w, https:\/\/moniteur.ovh\/wp-content\/uploads\/2020\/12\/Conseil-ok-560x331.jpg 560w, https:\/\/moniteur.ovh\/wp-content\/uploads\/2020\/12\/Conseil-ok-260x154.jpg 260w, https:\/\/moniteur.ovh\/wp-content\/uploads\/2020\/12\/Conseil-ok-160x94.jpg 160w\" sizes=\"(max-width: 578px) 100vw, 578px\" \/><\/figure>\n\n\n\n<figure class=\"wp-block-audio\"><audio controls src=\"http:\/\/moniteur.ovh\/wp-content\/uploads\/2020\/12\/201214-193806.mp3\"><\/audio><figcaption>Enregistrement int\u00e9gral du conseil municipal du 14 d\u00e9cembre 2020<\/figcaption><\/figure>\n\n\n\n<h4>Ci-dessous, quelques-unes des interventions de nos \u00e9lus de l&rsquo;Alternative Citoyenne <\/h4>\n\n\n\n<p><a href=\"http:\/\/moniteur.ovh\/index.php\/conseil-municipal-du-14-decembre-2020\/\">Pour lire les \u00e9changes entre nos \u00e9lus et le maire, cliquez ici<\/a><\/p>\n\n\n\n<figure class=\"wp-block-audio\"><audio controls src=\"http:\/\/moniteur.ovh\/wp-content\/uploads\/2020\/12\/1-Marianne-divergence-politiques.mp3\"><\/audio><figcaption>Marianne Pelletier expose les divergences politiques de fond qui nous s\u00e9parent de la majorit\u00e9 <\/figcaption><\/figure>\n\n\n\n<figure class=\"wp-block-audio\"><audio controls src=\"http:\/\/moniteur.ovh\/wp-content\/uploads\/2020\/12\/2-bis-Marianne-sch\u00e9ma-directeur.mp3\"><\/audio><figcaption>A propos du sch\u00e9ma directeur de Carnon<\/figcaption><\/figure>\n\n\n\n<!--more D'AUTRES EXTRAITS SONORES A ECOUTER ICI-->\n\n\n\n<figure class=\"wp-block-audio\"><audio controls src=\"http:\/\/moniteur.ovh\/wp-content\/uploads\/2020\/12\/2-ter-Marianne-concertation-Carnon.mp3\"><\/audio><figcaption>Ah ! La concertation \u00e0 Carnon !<\/figcaption><\/figure>\n\n\n\n<figure class=\"wp-block-audio\"><audio controls src=\"http:\/\/moniteur.ovh\/wp-content\/uploads\/2020\/12\/4-Bertrand-Conseil-dexploitation-du-port.mp3\"><\/audio><figcaption>Conflit d&rsquo;int\u00e9r\u00eats au conseil d&rsquo;exploitation du port de Carnon<\/figcaption><\/figure>\n\n\n\n<figure class=\"wp-block-audio\"><audio controls src=\"http:\/\/moniteur.ovh\/wp-content\/uploads\/2020\/12\/5-Daniel-Capitainerie.mp3\"><\/audio><figcaption>Faut-il vraiment reconstruire une capitainerie ?<\/figcaption><\/figure>\n\n\n\n<figure class=\"wp-block-audio\"><audio controls src=\"http:\/\/moniteur.ovh\/wp-content\/uploads\/2020\/12\/6bis-Marianne-Bertrand-Terre-agricoles-FOnt.mp3\"><\/audio><figcaption>A la Font de Mauguio, la pointe de Mudaison est une zone \u00e0 dominante \u00e9conomique et non pas r\u00e9sidentielle <\/figcaption><\/figure>\n\n\n\n<figure class=\"wp-block-audio\"><audio controls src=\"http:\/\/moniteur.ovh\/wp-content\/uploads\/2020\/12\/9-Pascale-mat\u00e9riaux-de-constructions.mp3\"><\/audio><figcaption>Penser \u00e0 choisir des mat\u00e9riaux de construction \u00e9cologiques pour les futurs groupes scolaires<\/figcaption><\/figure>\n\n\n\n<figure class=\"wp-block-audio\"><audio controls src=\"http:\/\/moniteur.ovh\/wp-content\/uploads\/2020\/12\/7-B-Coisne-Ilot-Pr\u00e9vert.mp3\"><\/audio><figcaption>La place des associations \u00e0 l&rsquo;il\u00f4t Pr\u00e9vert se r\u00e9duit comme peau de chagrin<\/figcaption><\/figure>\n\n\n\n<figure class=\"wp-block-audio\"><audio controls src=\"http:\/\/moniteur.ovh\/wp-content\/uploads\/2020\/12\/10-Daniel-Orchestres.mp3\"><\/audio><figcaption>Mieux soutenir les orchestres dont les contrats n&rsquo;ont pu \u00eatre honor\u00e9s<\/figcaption><\/figure>\n\n\n\n<figure class=\"wp-block-image\"><img alt=\"\"\/><\/figure>\n\n\n\n<h1>L&rsquo;\u00e9crit des \u00e9changes<\/h1>\n\n\n\n<p><strong><em>Marianne Pelletier expose les divergences politiques de fond qui nous s\u00e9parent de la majorit\u00e9<\/em><\/strong><\/p>\n\n\n\n<p>Marianne&nbsp;Pelletier :<\/p>\n\n\n\n<p>Voil\u00e0, moi je voulais rappeler, comme notre groupe l\u2019affirme \u00e0 chaque fois que le conseil municipal doit se prononcer sur les orientations budg\u00e9taires, que ce qui nous distingue de la majorit\u00e9 ce sont les choix politiques qui sous-tendent ces orientations. Donc, en effet, nous sommes en d\u00e9saccord sur plusieurs points avec la politique men\u00e9e par la majorit\u00e9. Donc, pour rappel, la Font de Mauguio, vous \u00eates nombreux \u00e0 le savoir. Nous nous sommes oppos\u00e9s au projet parce que nous pensions, et nous le pensons toujours, qu\u2019il est urgent de prot\u00e9ger les terres agricoles, les lagunes, la nappe phr\u00e9atique \u2026 je ne vais peut-\u00eatre pas tout citer sur les critiques par rapport \u00e0 la Font de Mauguio parce que je sais que le conseil est long et qu\u2019on s\u2019est d\u00e9j\u00e0 exprim\u00e9 sur le sujet.<\/p>\n\n\n\n<p>Aujourd\u2019hui, c\u2019est le projet Carnon 2030 qui est sur le devant de la sc\u00e8ne et nos principales critiques portent sur trois points :<\/p>\n\n\n\n<ul><li>Le co\u00fbt du projet. Prenons l\u2019exemple de la capitainerie. Nous maintenons parce que nous n\u2019avons pas obtenu d\u2019information qui viendraient contredire cette affirmation, que ce ne sont pas des raisons techniques qui justifient la destruction de la capitainerie. Maintenant qu\u2019elle est d\u00e9truite, la question se pose de la n\u00e9cessit\u00e9 de la reconstruire \u00e0 son ancien emplacement ou de la conserver \u00e0 l\u2019endroit actuel, sur la passerelle Mertens. Nous, Alternative citoyenne, nous n\u2019avons pas d\u2019avis d\u00e9finitif sur cette question, mais nous pensons que c\u2019est une des questions qui doit \u00eatre d\u00e9battue avec la population.<\/li><li>Notre deuxi\u00e8me critique, elle porte sur le d\u00e9s\u00e9quilibre entre la n\u00e9cessaire prise en compte des avis des experts, qui ont pr\u00e9sent\u00e9 leurs conclusions de fa\u00e7on document\u00e9e, accessible, nous le reconnaissons, et sur la toute aussi n\u00e9cessaire prise en compte des avis, des besoins de la population. Et l\u00e0, nous sommes en d\u00e9saccord. Pour nous, il n\u2019y a pas eu de concertation v\u00e9ritable. Comme au point 17, il sera question de la concertation, je reviendrai l\u00e0-dessus \u00e0 ce moment-l\u00e0.<\/li><li>Et notre 3<sup>e<\/sup> critique d\u2019ordre g\u00e9n\u00e9ral, elle concerne l\u2019absence de prise en compte r\u00e9elle, pas dans les discours, du changement climatique. Carnon, comme toutes les villes du littoral est concern\u00e9e par le changement climatique. Je cite ce que l\u2019on conna\u00eet tous mais qu\u2019on ne prend pas assez en compte rapidement&nbsp;: les risques de submersion marine, l\u2019\u00e9rosion, en t\u00e9moignent les berges du canal du Rh\u00f4ne \u00e0 S\u00e8te, les \u00e9pisodes c\u00e9venoles, la salinisation de la lagune. Or, dans le projet, nous ne trouvons rien d\u2019ambitieux sur ce sujet.<\/li><\/ul>\n\n\n\n<p>J\u2019ai termin\u00e9.<\/p>\n\n\n\n<p>Yvon Bourrel&nbsp;:<\/p>\n\n\n\n<p>Bien. Tr\u00e8s bri\u00e8vement, c\u2019est votre point de vue. Je ne vais pas revenir pas sur certaines explications, si ce n\u2019est que vous dire que, pour la capitainerie, la d\u00e9cision a \u00e9t\u00e9 prise en 2017. \u00c7a fait 3 ans que la concertation s\u2019\u00e9tait d\u00e9roul\u00e9e l\u00e0-dessus. Ce n\u2018est pas votre position, je vous le conc\u00e8de. Vous \u00eates contre la d\u00e9possession des propri\u00e9taires relatives aux terres agricoles parce que vous \u00eates contre l\u2019urbanisation. Je vous fais observer qu\u2019on est sur un PLU de 1995. Que depuis 25 ans, ce PLU n\u2019a pas \u00e9t\u00e9 augment\u00e9 d\u2019un m\u00e8tre carr\u00e9 et que, n\u00e9cessairement, une ville qui ne se renouvelle pas est une ville qui meurt. La fermeture des \u00e9coles, qui est un domaine qui ne doit pas vous laisser insensible puisque vous \u00eates vous-m\u00eame enseignante, doit pointer effectivement cette n\u00e9cessit\u00e9 de renouveler et d\u2019accueillir de jeunes m\u00e9nages en menant une politique sociale d\u2019acc\u00e8s \u00e0 la propri\u00e9t\u00e9, ce qui n\u2019\u00e9tait pas le cas en 1995 puisque les politiques publiques laissaient le libre choix aux uns et aux autres.<\/p>\n\n\n\n<p>Et, je me souviens pour rebondir sur la gouvernance de Michel Bacala&nbsp;et de son conseil dont je faisais partie, les pr\u00e9occupations qui \u00e9taient les n\u00f4tres \u00e0 ce moment-l\u00e0 \u00e9taient bien moindres relativement \u00e0 la n\u00e9cessit\u00e9 de trouver du logement pour les Melgoriens et pour les personnes qui voulaient s\u2019installer sur la commune. C\u2019est une probl\u00e9matique qui est venue ensuite se greffer sur les priorit\u00e9s des politiques publiques. Et aujourd\u2019hui l\u2019accessibilit\u00e9 mat\u00e9rielle est une chose mais la politique de lutte contre l\u2019exclusion sociale par les finances est une op\u00e9ration qui a guid\u00e9 notre d\u00e9marche sur la Font de Mauguio, vous le savez.<\/p>\n\n\n\n<p>Et le dernier point, vous dites qu\u2019il n\u2019y a pas de prise en compte par rapport au changement climatique. Je pense qu\u2019au niveau des mobilit\u00e9s douces, nous faisons de nombreux efforts, au niveau de l\u2019extinction de l\u2019\u00e9clairage, de la consommation des \u00e9nergies, nous y travaillons. La politique qui est men\u00e9e dans le cadre de la politique de transport au niveau du Pays de l\u2019Or avec la transformation des v\u00e9hicules qui marchent \u00e0 l\u2019\u00e9nergie fossile avec de l\u2019\u00e9nergie verte voire demain avec de l\u2019hydrog\u00e8ne sont des engagements qui sont forts, qui sont des engagements que nous partageons avec nos coll\u00e8gues.<\/p>\n\n\n\n<p>Cela dit, j\u2019entends votre opposition qui rel\u00e8ve \u00e0 mon sens peut-\u00eatre plus d\u2019une posture que vraiment d\u2019une r\u00e9alit\u00e9. Mais cela vous appartient madame.<\/p>\n\n\n\n<p>Marianne&nbsp;Pelletier&nbsp;: Juste pour pr\u00e9ciser, la derni\u00e8re remarque sur le changement climatique, elle concernait le projet Carnon 2030, il y a des arbres, on voit des v\u00e9los effectivement hein sur les images \u2026 mais vous avez cit\u00e9 des choses qui sont en dehors comme l\u2019\u00e9clairage, les transports. Voil\u00e0, moi, c\u2019\u00e9tait vraiment sp\u00e9cifique sur les propositions du projet Carnon 2030.<\/p>\n\n\n\n<p><strong><em>A propos du sch\u00e9ma directeur de Carnon<\/em><\/strong><\/p>\n\n\n\n<p>Marianne&nbsp;Pelletier :<\/p>\n\n\n\n<p>Je ne vais pas revenir sur les critiques que nous avons formul\u00e9es sur l\u2019op\u00e9ration Carnon 2030. Mais j\u2019en profite pour pr\u00e9ciser pourquoi nous avons vot\u00e9 contre le point 4. Quand je suis intervenue sur le point 3, j\u2019ai abr\u00e9g\u00e9 un peu ce que je voulais dire sur nos critiques par rapport \u00e0 la Font de Mauguio. Dans ces critiques, il y avait les co\u00fbts qui \u00e9taient support\u00e9s par la collectivit\u00e9, suite aux am\u00e9nagements qui vont avec la Font de Mauguio. Tout n\u2019est pas support\u00e9 par la ZAC. On le souligne depuis plusieurs ann\u00e9es. Cette \u00e9cole est bien une des preuves qu\u2019il y a des charges, avec cette construction de la ZAC de Mauguio, avec la voirie, toutes preuves d\u2019infrastructures\u2026. Pour nous, c\u2019est un projet global contre lequel on \u00e9tait. On n\u2019est pas contre une \u00e9cole en g\u00e9n\u00e9ral mais contre une \u00e9cole dans ce cadre-l\u00e0.<\/p>\n\n\n\n<p>Monsieur le maire, ce que vous consid\u00e9rez comme une posture, les critiques que j\u2019ai faites au sujet des co\u00fbts, la fa\u00e7on de concerter et les changements climatiques, ce n\u2019est pas pour s\u2019opposer pour le plaisir de s\u2019opposer, ce sont vraiment des points auxquels nous sommes attach\u00e9s et pour lesquels nous trouvons qu\u2019il y a des divergences entre nous. Je ne pense pas que ce soit une posture de notre part et de la mienne en tout cas.<\/p>\n\n\n\n<p><strong><em>Ah ! La concertation \u00e0 Carnon !<\/em><\/strong><\/p>\n\n\n\n<p>Marianne Pelletier :<\/p>\n\n\n\n<p>Moi, j\u2019aurais \u00e9videmment souhait\u00e9 intervenir aussi. Donc, j\u2019allais dire la m\u00eame chose.<\/p>\n\n\n\n<p>Premi\u00e8re remarque&nbsp;: Carnon, c\u2019est loin de Mauguio. De nombreux Carnonnais ne viennent jamais \u00e0 Mauguio. Je l\u2019ai d\u00e9couvert \u00e0 l\u2019occasion de la campagne des municipales. Certains n\u2019avaient jamais mis les pieds \u00e0 Mauguio. Je n\u2019en revenais pas, moi personnellement, mais c\u2019est le cas. Bon, le registre n\u2019\u00e9tait pr\u00e9sent qu\u2019\u00e0 la mairie de Mauguio. Vous dites que c\u2019\u00e9tait un probl\u00e8me de personnel municipal. Mais moi je me dis que \u00e7a aurait \u00e9t\u00e9 important de se donner les moyens de g\u00e9rer les deux registres. C\u2019\u00e9tait, non seulement pour des raisons pratiques, concr\u00e8tes qu\u2019on a \u00e9voqu\u00e9es de moyens de d\u00e9placement, de temps de transport, mais aussi pour des raisons symboliques. Je crois que t\u00e9moigner, par des actes et pas que par des paroles quoi, que les Carnonnais comptent dans la commune, au m\u00eame titre que tous les autres citoyens de la commune. Les Carnonnais en ont besoin.<\/p>\n\n\n\n<p>Bon \u00e7a, c\u2019\u00e9tait une remarque.<\/p>\n\n\n\n<p>Apr\u00e8s \u2026 donc, j\u2019ai vu que vous avez int\u00e9gr\u00e9, puisque vous ne les aviez pas int\u00e9gr\u00e9es dans le document pr\u00e9paratoire, vous avez int\u00e9gr\u00e9 le fait qu\u2019il y a eu des remarques sur ce registre. Alors c\u2019est vrai, on s\u2019est r\u00e9veill\u00e9 peut-\u00eatre tard. \u00c7a fait longtemps que la date \u00e9tait annonc\u00e9e de cl\u00f4ture du 10 d\u00e9cembre. Mais on est nombreux \u00e0 avoir \u00e9t\u00e9 pris de court et heureusement qu\u2019on a inform\u00e9, nous, Monsieur Deydier aussi, \u00e0 Carnon les gens pour qu\u2019ils r\u00e9agissent. C\u2019est peut-\u00eatre un manque de vigilance des citoyens. En tout cas, c\u2019est un fait. D\u00e9j\u00e0, je suis un peu \u00e9tonn\u00e9e parce que, vous avez tout accept\u00e9, c\u2019\u00e9tait un moindre mal, et moi j\u2019ai envoy\u00e9 un mail par exemple, que j\u2019ai sign\u00e9, je vois pas mon nom. Or, je sais que je l\u2019ai envoy\u00e9 avant d\u2019autres personnes donc je me dis que ce n\u2019est pas parce qu\u2019il est arriv\u00e9 trop tard. Je l\u2019ai fait mercredi. Bon. Pas tr\u00e8s grave. Enfin, je pense que vous allez le retrouver.<\/p>\n\n\n\n<p>Et, dans le compte-rendu qu\u2019on lit l\u00e0 dans le document pr\u00e9paratoire, on a l\u2019impression que c\u2019\u00e9tait une concertation heureuse et moi, je trouve que c\u2019est enjoliv\u00e9 quand-m\u00eame et je suis bien contente que Monsieur Denat nous dise que c\u2019est pas fini et qu\u2019il a l\u2019intention de relancer ces d\u00e9bats. Vous nous avez dit \u00e7a au conseil pr\u00e9c\u00e9dent et (<em>les propos suivants sont en r\u00e9action \u00e0 des mimiques de protestation de M. Denat que l\u2019on n\u2019entend pas sur l\u2019enregistrement audio<\/em>) vous dites qu\u2019on va passer \u00e0 une phase plus op\u00e9rationnelle, je ne dis pas qu\u2019on va remettre en cause, on s\u2019en doute, j\u2019ai compris, j\u2019ai compris que c\u2019\u00e9tait une nouvelle phase. Mais pour cette phase, j\u2019aimerais bien qu\u2019on est l\u2019impression, on mais je parle au nom des Carnonnais que j\u2019ai rencontr\u00e9s, on ait l\u2019impression que \u00e7a va devenir une vraie concertation parce que j\u2019ai vraiment rencontr\u00e9 plein de gens qui \u00e9taient en col\u00e8re et qui avaient particip\u00e9 aux ateliers, moi je n\u2019y ai pas particip\u00e9, qui avaient particip\u00e9 aux ateliers et qui n\u2019ont pas retrouv\u00e9 dans les r\u00e9unions publiques, notamment celle de septembre de l\u2019ann\u00e9e derni\u00e8re, 2019. Par contre, l\u00e0 j\u2019y \u00e9tais \u00e0 la r\u00e9union publique et je me souviens d\u2019une salle comble avec des gens tr\u00e8s critiques. Plusieurs d\u2019entre eux ont dit \u00ab&nbsp;Mais nous, on \u00e9tait aux ateliers, on a l\u2019impression que notre travail n\u2019a pas du tout \u00e9t\u00e9 pris en compte. On ne retrouve rien. Vous mentionnez un article du Midi-Libre, pour montrer qu\u2019il y a eu beaucoup d\u2019informations. Moi, cet article, je l\u2019ai relu du coup, \u00ab&nbsp;Le Carnon du futur se dessine&nbsp;\u00bb, mais il n\u2019y a aucune information sur justement la position de la salle, critique. On a la pr\u00e9sentation du projet de la mairie et c\u2019est tout quoi. Donc, voil\u00e0, je conclus l\u00e0-dessus pour dire que nous attendons vraiment, que ce soit dans les commissions, je ne sais pas si c\u2019est urbanisme, j\u2019imagine, oui, c\u2019est commission urbanisme, dans cette commission mais \u00e9galement vis-\u00e0-vis de la population que \u2026 on puisse vraiment s\u2019exprimer, faire des propositions. Vous avez dit tout \u00e0 l\u2019heure que vous attendiez des propositions, nous on a envie d\u2019en faire et d\u2019entendre les v\u00f4tres et d\u2019\u00e9changer et que la population, voil\u00e0, on ne lui demande pas que la couleur du pot de fleurs qui va d\u00e9corer un endroit. Voil\u00e0.<\/p>\n\n\n\n<p>Yvon Bourrel&nbsp;:<\/p>\n\n\n\n<p>Bien, Madame Pelletier, je serais tent\u00e9 de dire que c\u2019est bien tent\u00e9. Je vous rappelle que les conditions de la concertation ont \u00e9t\u00e9 vot\u00e9es dans cette enceinte, vous n\u2019en faisiez pas partie, avec une seule personne qui s\u2019\u00e9tait oppos\u00e9e, qui s\u2019est abstenue. Donc, j\u2019allais dire, ce sujet aurait d\u00fb faire d\u00e9bat au d\u00e9but. En tant que maire de Carnon et de Mauguio ou de Mauguio et de Carnon, comme vous voudrez, des Garrigues et de Vaugui\u00e8res \u2026 je tiens \u00e0 dire que ce que vous avancez, comme cheval de Troie, aurait eu mon adh\u00e9sion si le fait de ne pas pr\u00e9senter un cahier \u00e0 Carnon aurait entach\u00e9 d\u2019irrecevabilit\u00e9 l\u2019enqu\u00eate. J\u2019allais dire pour une fois, sans se d\u00e9placer, on pouvait, en \u00e9crivant, en faisant des mails, faire part de son opinion. Vous me dites&nbsp;: \u00ab&nbsp;On a \u00e9t\u00e9 pris de court&nbsp;\u00bb. Je souris un peu parce que, si je vous avais cherch\u00e9e entre le mois de janvier et le moins de juin, je vous aurais trouv\u00e9s syst\u00e9matiquement \u00e0 Carnon. Je vous rappelle qu\u2019il y a eu quand m\u00eame une campagne \u00e9lectorale et je ne peux pas imaginer que vous ayez \u00e9t\u00e9 pris de cours. Que vous soyez, bien tent\u00e9, puisque vous \u00eates dans une d\u00e9marche, dans une posture que je peux comprendre, que je peux comprendre. Cela dit, il n\u2019y a aucune malveillance vis-\u00e0-vis de qui que ce soit. Et justement, souvent on nous dit, ne nous obligez par \u00e0 aller syst\u00e9matiquement \u00e0 la mairie. C\u2019est vrai, qu\u2019on aurait pu mettre un deuxi\u00e8me registre \u00e0 Carnon, si on l\u2019avait d\u00e9cid\u00e9 en 2018. Mais \u00e0 15 jours, \u00e0 moins de 15 jours d\u2019une \u00e9ch\u00e9ance qui a laiss\u00e9 quand m\u00eame plus de 2 ans, avec des rencontres&nbsp;pendant ce temps. Nous disons de mani\u00e8re av\u00e9r\u00e9e, je ne dis pas que tout a \u00e9t\u00e9 formidable, mais je dis quand m\u00eame que l\u2019expression de la d\u00e9mocratie, et bien, elle n\u2019a pas \u00e9t\u00e9 bouscul\u00e9e, elle a \u00e9t\u00e9 permise. Que vous ne vous en soyez pas saisis ou que certaines personnes ne s\u2019en soient pas saisies au bon moment, qu\u2019elles n\u2019aient pas retrouv\u00e9 dans la copie qui a \u00e9t\u00e9 rendue, qui est une copie provisoire, puisqu\u2019on a dit qu\u2019on reviendrait vers les gens au fur et \u00e0 mesure que nous ferions les phases puisque, quand m\u00eame, on est dans une programmation qui durera au moins 6 ans, voire m\u00eame plus. Donc ce qu\u2019a dit Monsieur Denat est vrai, c\u2019est-\u00e0-dire que ce qui est formel est clos. Mais ce n\u2019est pas parce que c\u2019est formel et que c\u2019est clos, que nous consid\u00e9rons que c\u2019est acquis et que c\u2019est comme \u00e7a. Jamais, jamais, nous n\u2019avons ferm\u00e9 la porte au dialogue m\u00eame si nous n\u2019\u00e9tions pas, <em>in fine<\/em>, parfois d\u2019accord. C\u2019est le jeu de la d\u00e9mocratie. Entre temps, il y a eu des \u00e9lections. Elles ont donn\u00e9 le r\u00e9sultat de la repr\u00e9sentativit\u00e9 qui est ici. Vous faites votre job, c\u2019est bien. Voil\u00e0. On vous a entendu. Tr\u00e8s bien.<\/p>\n\n\n\n<p>Marianne&nbsp;Pelletier&nbsp;: Oui, je fais mon job, reconnaissez, moi je ne consid\u00e8re pas \u00e7a comme une posture. Pour moi, c\u2019est un mot p\u00e9joratif, mais bon \u2026 Mais reconnaissez quand m\u00eame que les Carnonnais se sont exprim\u00e9s justement. Vous parlez d\u2019un vote et ils se sont exprim\u00e9s quand m\u00eame massivement. S\u2019ils ont vot\u00e9 en \u2026<\/p>\n\n\n\n<p>Bourrel&nbsp;: Oui. Vous avez bien travaill\u00e9, je le confirme. C\u2019est bien.<\/p>\n\n\n\n<p>Marianne&nbsp;Pelletier&nbsp;: Allez, l\u00e0, on va pas se chamailler. Je voudrais vraiment un d\u00e9bat de fond sur ce sujet parce que \u2026<\/p>\n\n\n\n<p>Bourrel&nbsp;: Je le dis avec le sourire et il est pas jaune. Allez&nbsp;! On passe au vote \u2026<\/p>\n\n\n\n<p><strong><em>A la Font de Mauguio, la pointe de Mudaison est une zone \u00e0 dominante \u00e9conomique et non pas r\u00e9sidentielle<\/em><\/strong><\/p>\n\n\n\n<p>Marianne Pelletier&nbsp;: Bon, d\u2019abord, je tenais \u00e0 rappeler deux points. C\u2019est une zone agricole. Donc, les terrains sont des terres agricoles, pas des friches. Et toujours les m\u00eames id\u00e9es \u2026 La Font de Mauguio \u00e7a devait \u00eatre le dernier programme d\u2019\u00e9talement sur la commune.<\/p>\n\n\n\n<p>Yvon Bourrel&nbsp;:<\/p>\n\n\n\n<p>On est toujours sur le PLU 1995 de la commune, Madame.<\/p>\n\n\n\n<p>Marianne Pelletier&nbsp;:<\/p>\n\n\n\n<p>On avait l\u2019intention de voter contre ce projet parce que nous sommes contre l\u2019artificialisation des terres agricoles mais, en creusant un peu, cette d\u00e9lib\u00e9ration ne nous para\u00eet pas claire. C\u2019est peut-\u00eatre que l\u2019on n\u2019a pas compris.<\/p>\n\n\n\n<p>Dans le SCOT que nous avons consult\u00e9, la zone en question, la pointe de Mudaison, est consid\u00e9r\u00e9e comme une zone interm\u00e9diaire \u00e0 dominante \u00e9conomique, \u00e7a vous l\u2019avez rappel\u00e9, et elle ne fait pas partie des \u00ab&nbsp;zones r\u00e9serv\u00e9es aux extensions urbaines \u00e0 dominante r\u00e9sidentielle&nbsp;\u00bb. On voit des petites couleurs l\u00e0, des floutages.<\/p>\n\n\n\n<p>Yvon Bourrel&nbsp;: Oui, On est d\u2019accord.<\/p>\n\n\n\n<p>Marianne Pelletier&nbsp;:<\/p>\n\n\n\n<p>Donc, on a l\u2019impression quand on lit la d\u00e9lib\u00e9ration, la num\u00e9ro 16, vous dites&nbsp;:<\/p>\n\n\n\n<p><em>\u2013 D\u00e9finir une programmation et pr\u00e9parer les conditions de mise en \u0153uvre op\u00e9rationnelle du projet dans la perspective d\u2019en faire un quartier \u00e0 haute valeur environnementale.<\/em><\/p>\n\n\n\n<p>Nous, on a interpr\u00e9t\u00e9 \u00e7a, peut-\u00eatre \u00e0 tort, comme la construction d\u2019un \u00e9coquartier r\u00e9sidentiel. Ce qui ne serait pas conforme au SCOT en plus.<\/p>\n\n\n\n<p>Yvon Bourrel&nbsp;: Pas du tout. On essaye \u2026 Nous avons une programmation du programme local de l\u2019habitat qui d\u00e9finit les objectifs \u00e0 atteindre jusqu\u2019en 2032. A la vitesse o\u00f9 on va justement, nous vous inviterons tout \u00e0 l\u2019heure \u00e0 prendre des dispositions pour contenir ces vell\u00e9it\u00e9s, peut \u00eatre invasives, de construire \u00e0 tout va, contre lesquelles je suis, avec ma majorit\u00e9, c\u2019est-\u00e0-dire, nous voulons une r\u00e9gulation, un accompagnement, atteindre les objectifs, mais aussi bien pour ceux qui y arrivent que pour ceux qui y sont, de mani\u00e8re acceptable, telle que celle que l\u2019on le souhaiterait si on \u00e9tait le voisin qui vient s\u2019installer ou le voisin qui accueille. Voil\u00e0.<\/p>\n\n\n\n<p>Donc, il n\u2019est pas question d\u2019y faire un quartier r\u00e9sidentiel avec de l\u2019habitat. Il y aura, de mani\u00e8re alors \u2026 , je ne peux pas vous dire, puisque l\u2019\u00e9tude va \u00eatre faite, j\u2019en a parl\u00e9 tout \u00e0 l\u2019heure, je ne sais pas quels seront les types, il y aura peut-\u00eatre la gendarmerie, par exemple, il peut y avoir un \u00e9quipement m\u00e9dical, il peut y avoir une S\u00e9nioriale, il va y en avoir une l\u00e0, pas forc\u00e9ment \u2026 Il peut y avoir, j\u2019allais dire, un \u00e9quipement d\u2019int\u00e9r\u00eat public.<\/p>\n\n\n\n<p>C\u2019est l\u2019\u00e9tude qui le d\u00e9cidera.<\/p>\n\n\n\n<p>Monsieur Coisne \u2026&nbsp;&nbsp;&nbsp;&nbsp;&nbsp;&nbsp;&nbsp;&nbsp;&nbsp;&nbsp;&nbsp;&nbsp;&nbsp;&nbsp;&nbsp;&nbsp;&nbsp;&nbsp;&nbsp;&nbsp;&nbsp;&nbsp;&nbsp;&nbsp;&nbsp;&nbsp;&nbsp;&nbsp;&nbsp;&nbsp;&nbsp;&nbsp;&nbsp;&nbsp;&nbsp;&nbsp;&nbsp;&nbsp;&nbsp;&nbsp;&nbsp;&nbsp;&nbsp;&nbsp;&nbsp;&nbsp;&nbsp;&nbsp;&nbsp;&nbsp;&nbsp;&nbsp;&nbsp;&nbsp;&nbsp;&nbsp;&nbsp;&nbsp;&nbsp;&nbsp;&nbsp;&nbsp;&nbsp;&nbsp;&nbsp;&nbsp;&nbsp;&nbsp;&nbsp;&nbsp;&nbsp;&nbsp;&nbsp;&nbsp;&nbsp;&nbsp;&nbsp;&nbsp;&nbsp;&nbsp;&nbsp;&nbsp;&nbsp;&nbsp;&nbsp;&nbsp;&nbsp;&nbsp;<\/p>\n","protected":false},"excerpt":{"rendered":"<p>Ci-dessous, quelques-unes des interventions de nos \u00e9lus de l&rsquo;Alternative Citoyenne Pour lire les \u00e9changes entre nos \u00e9lus et le maire, cliquez ici<\/p>\n<p class=\"more-link-p\"><a class=\"more-link\" href=\"https:\/\/moniteur.ovh\/index.php\/conseil-municipal-du-14-decembre-2020-2\/\">Read more &rarr;<\/a><\/p>\n","protected":false},"author":1,"featured_media":0,"parent":0,"menu_order":0,"comment_status":"closed","ping_status":"closed","template":"","meta":[],"_links":{"self":[{"href":"https:\/\/moniteur.ovh\/index.php\/wp-json\/wp\/v2\/pages\/1158"}],"collection":[{"href":"https:\/\/moniteur.ovh\/index.php\/wp-json\/wp\/v2\/pages"}],"about":[{"href":"https:\/\/moniteur.ovh\/index.php\/wp-json\/wp\/v2\/types\/page"}],"author":[{"embeddable":true,"href":"https:\/\/moniteur.ovh\/index.php\/wp-json\/wp\/v2\/users\/1"}],"replies":[{"embeddable":true,"href":"https:\/\/moniteur.ovh\/index.php\/wp-json\/wp\/v2\/comments?post=1158"}],"version-history":[{"count":3,"href":"https:\/\/moniteur.ovh\/index.php\/wp-json\/wp\/v2\/pages\/1158\/revisions"}],"predecessor-version":[{"id":2991,"href":"https:\/\/moniteur.ovh\/index.php\/wp-json\/wp\/v2\/pages\/1158\/revisions\/2991"}],"wp:attachment":[{"href":"https:\/\/moniteur.ovh\/index.php\/wp-json\/wp\/v2\/media?parent=1158"}],"curies":[{"name":"wp","href":"https:\/\/api.w.org\/{rel}","templated":true}]}}