{"id":1133,"date":"2021-03-04T17:11:58","date_gmt":"2021-03-04T16:11:58","guid":{"rendered":"http:\/\/moniteur.ovh\/?page_id=1133"},"modified":"2021-03-04T17:11:58","modified_gmt":"2021-03-04T16:11:58","slug":"conseil-municipal-du-27-juin-2016","status":"publish","type":"page","link":"https:\/\/moniteur.ovh\/index.php\/conseil-municipal-du-27-juin-2016\/","title":{"rendered":"Conseil municipal du 27 juin 2016"},"content":{"rendered":"\n<div class=\"wp-block-image\"><figure class=\"alignleft\"><a href=\"http:\/\/lafabriquecitoyennedupaysdelor.com\/wp-content\/uploads\/2016\/06\/Lorente-adjointe-au-finances.jpg\"><img src=\"http:\/\/lafabriquecitoyennedupaysdelor.com\/wp-content\/uploads\/2016\/06\/Lorente-adjointe-au-finances-1024x864.jpg\" alt=\"Lorente adjointe au finances\" class=\"wp-image-4959\"\/><\/a><\/figure><\/div>\n\n\n\n<p>Danick Llorente, adjointe au finances \u00e0 la mairie de Mauguio a annonc\u00e9 sa d\u00e9mission lors du conseil municipal. Vous pouvez entendre, ci-dessous, son intervention.<\/p>\n\n\n\n<figure class=\"wp-block-audio\"><audio controls src=\"http:\/\/lafabriquecitoyennedupaysdelor.com\/wp-content\/uploads\/2016\/06\/D\u00e9mission Lorente 27 juin 2016.mp3\"><\/audio><\/figure>\n\n\n\n<div class=\"wp-block-image\"><figure class=\"alignleft\"><a href=\"http:\/\/lafabriquecitoyennedupaysdelor.com\/wp-content\/uploads\/2016\/06\/P1210011.jpg\"><img src=\"http:\/\/lafabriquecitoyennedupaysdelor.com\/wp-content\/uploads\/2016\/06\/P1210011-1024x334.jpg\" alt=\"P1210011\" class=\"wp-image-4960\"\/><\/a><\/figure><\/div>\n\n\n\n<p>Ci-dessous l&rsquo;enregistrement du conseil municipal du 27 juin 2016 dans son int\u00e9gralit\u00e9.<\/p>\n\n\n\n<figure class=\"wp-block-audio\"><audio controls src=\"http:\/\/lafabriquecitoyennedupaysdelor.com\/wp-content\/uploads\/2016\/06\/Conseil municipal du 27 juin 2016 OK.mp3\"><\/audio><\/figure>\n","protected":false},"excerpt":{"rendered":"<p>Danick Llorente, adjointe au finances \u00e0 la mairie de Mauguio a annonc\u00e9 sa d\u00e9mission lors du conseil municipal. Vous pouvez entendre, ci-dessous, son intervention. Ci-dessous l&rsquo;enregistrement du conseil municipal du 27 juin 2016 dans son int\u00e9gralit\u00e9.<\/p>\n<p class=\"more-link-p\"><a class=\"more-link\" href=\"https:\/\/moniteur.ovh\/index.php\/conseil-municipal-du-27-juin-2016\/\">Read more &rarr;<\/a><\/p>\n","protected":false},"author":1,"featured_media":0,"parent":0,"menu_order":0,"comment_status":"closed","ping_status":"closed","template":"","meta":[],"_links":{"self":[{"href":"https:\/\/moniteur.ovh\/index.php\/wp-json\/wp\/v2\/pages\/1133"}],"collection":[{"href":"https:\/\/moniteur.ovh\/index.php\/wp-json\/wp\/v2\/pages"}],"about":[{"href":"https:\/\/moniteur.ovh\/index.php\/wp-json\/wp\/v2\/types\/page"}],"author":[{"embeddable":true,"href":"https:\/\/moniteur.ovh\/index.php\/wp-json\/wp\/v2\/users\/1"}],"replies":[{"embeddable":true,"href":"https:\/\/moniteur.ovh\/index.php\/wp-json\/wp\/v2\/comments?post=1133"}],"version-history":[{"count":1,"href":"https:\/\/moniteur.ovh\/index.php\/wp-json\/wp\/v2\/pages\/1133\/revisions"}],"predecessor-version":[{"id":1134,"href":"https:\/\/moniteur.ovh\/index.php\/wp-json\/wp\/v2\/pages\/1133\/revisions\/1134"}],"wp:attachment":[{"href":"https:\/\/moniteur.ovh\/index.php\/wp-json\/wp\/v2\/media?parent=1133"}],"curies":[{"name":"wp","href":"https:\/\/api.w.org\/{rel}","templated":true}]}}