{"id":1127,"date":"2021-03-04T17:05:28","date_gmt":"2021-03-04T16:05:28","guid":{"rendered":"http:\/\/moniteur.ovh\/?page_id=1127"},"modified":"2021-03-04T17:05:28","modified_gmt":"2021-03-04T16:05:28","slug":"conseil-municipal-du-23-mai-2016","status":"publish","type":"page","link":"https:\/\/moniteur.ovh\/index.php\/conseil-municipal-du-23-mai-2016\/","title":{"rendered":"Conseil municipal du 23 mai 2016"},"content":{"rendered":"\n<div class=\"wp-block-image\"><figure class=\"alignleft\"><a href=\"http:\/\/lafabriquecitoyennedupaysdelor.com\/wp-content\/uploads\/2016\/05\/P1200420.jpg\"><img src=\"http:\/\/lafabriquecitoyennedupaysdelor.com\/wp-content\/uploads\/2016\/05\/P1200420-1024x575.jpg\" alt=\"P1200420\" class=\"wp-image-4711\"\/><\/a><\/figure><\/div>\n\n\n\n<p>Apr\u00e8s les \u00e9checs successifs des exploitants pr\u00e9c\u00e9dents et alors qu\u2019il propose un nouveau g\u00e9rant pour le restaurant de la passerelle Mertens, le Maire se voit rappeler que l\u2019opposition municipale n\u2019a eu de cesse de souligner, d\u00e8s son origine, que le projet de restaurant sur la passerelle Mertens \u00e9tait vou\u00e9 \u00e0 l\u2019\u00e9chec et que cet investissement allait co\u00fbter cher aux contribuables. Nous y voil\u00e0. Un rappel cinglant du conseiller municipal Laurent Pradeille.<\/p>\n\n\n\n<figure class=\"wp-block-audio\"><audio controls src=\"http:\/\/lafabriquecitoyennedupaysdelor.com\/wp-content\/uploads\/2016\/05\/Restaurant Mertens extrait OK.mp3\"><\/audio><\/figure>\n\n\n\n<p>Pour d\u00e9finir \u00ab le futur de Mauguio-Carnon \u00e0 l\u2019horizon 2030 \u00bb, notamment \u00ab la rationalisation de la consommation fonci\u00e8re \u00bb \u00ab la r\u00e9ponse aux besoins en logements \u00bb et \u00ab l\u2019\u00e9volution des syst\u00e8mes de d\u00e9placements \u00bb, la municipalit\u00e9 a d\u00e9cid\u00e9 de lancer une \u00e9tude urbaine sur \u00ab l\u2019ensemble de notre commune \u00bb d\u2019un montant estim\u00e9 \u00e0 70000 \u20acHT. Il est pour le moins surprenant qu\u2019une telle \u00e9tude soit lanc\u00e9e aujourd\u2019hui alors qu\u2019un projet de l\u2019ampleur de la Font de Mauguio s\u2019est construit en dehors de cette d\u00e9marche.<\/p>\n\n\n\n<p>R\u00e9actions des conseillers Daniel Bourguet et Laurent Pradeille :<\/p>\n\n\n\n<figure class=\"wp-block-audio\"><audio controls src=\"http:\/\/lafabriquecitoyennedupaysdelor.com\/wp-content\/uploads\/2016\/05\/Font de Mauguio OK 23052016.mp3\"><\/audio><\/figure>\n\n\n\n<p>Les propositions de d\u00e9lib\u00e9rations qui ont fait l&rsquo;objet des d\u00e9bats du conseil peuvent \u00eatre lues <a href=\"http:\/\/lafabriquecitoyennedupaysdelor.com\/wp-content\/uploads\/2016\/05\/NOTE-DE-SYNTHESE-CM-DU-23.05.2016.pdf\" target=\"_blank\" rel=\"noreferrer noopener\">ICI<\/a>.<\/p>\n","protected":false},"excerpt":{"rendered":"<p>Apr\u00e8s les \u00e9checs successifs des exploitants pr\u00e9c\u00e9dents et alors qu\u2019il propose un nouveau g\u00e9rant pour le restaurant de la passerelle Mertens, le Maire se voit rappeler que l\u2019opposition municipale n\u2019a eu de cesse de souligner, d\u00e8s son origine, que le&hellip;<\/p>\n<p class=\"more-link-p\"><a class=\"more-link\" href=\"https:\/\/moniteur.ovh\/index.php\/conseil-municipal-du-23-mai-2016\/\">Read more &rarr;<\/a><\/p>\n","protected":false},"author":1,"featured_media":0,"parent":0,"menu_order":0,"comment_status":"closed","ping_status":"closed","template":"","meta":[],"_links":{"self":[{"href":"https:\/\/moniteur.ovh\/index.php\/wp-json\/wp\/v2\/pages\/1127"}],"collection":[{"href":"https:\/\/moniteur.ovh\/index.php\/wp-json\/wp\/v2\/pages"}],"about":[{"href":"https:\/\/moniteur.ovh\/index.php\/wp-json\/wp\/v2\/types\/page"}],"author":[{"embeddable":true,"href":"https:\/\/moniteur.ovh\/index.php\/wp-json\/wp\/v2\/users\/1"}],"replies":[{"embeddable":true,"href":"https:\/\/moniteur.ovh\/index.php\/wp-json\/wp\/v2\/comments?post=1127"}],"version-history":[{"count":1,"href":"https:\/\/moniteur.ovh\/index.php\/wp-json\/wp\/v2\/pages\/1127\/revisions"}],"predecessor-version":[{"id":1128,"href":"https:\/\/moniteur.ovh\/index.php\/wp-json\/wp\/v2\/pages\/1127\/revisions\/1128"}],"wp:attachment":[{"href":"https:\/\/moniteur.ovh\/index.php\/wp-json\/wp\/v2\/media?parent=1127"}],"curies":[{"name":"wp","href":"https:\/\/api.w.org\/{rel}","templated":true}]}}